
What is the remainder when 403 is divided by 24?
19
What is the remainder when 1241 is divided by 616?
9
What is the remainder when 3359 is divided by 42?
41
What is the remainder when 93 is divided by 27?
12
Calculate the remainder when 66 is divided by 16.
2
Calculate the remainder when 1508 is divided by 56.
52
Calculate the remainder when 229 is divided by 113.
3
Calculate the remainder when 1359 is divided by 1352.
7
Calculate the remainder when 2390 is divided by 42.
38
Calculate the remainder when 1150 is divided by 565.
20
What is the remainder when 314 is divided by 35?
34
What is the remainder when 41702 is divided by 14?
10
What is the remainder when 199 is divided by 45?
19
Calculate the remainder when 3110 is divided by 53.
36
What is the remainder when 24 is divided by 3?
0
What is the remainder when 389 is divided by 39?
38
Calculate the remainder when 397 is divided by 187.
23
What is the remainder when 353 is divided by 102?
47
Calculate the remainder when 275 is divided by 12.
11
Calculate the remainder when 1574 is divided by 133.
111
What is the remainder when 222 is divided by 22?
2
Calculate the remainder when 4013 is divided by 122.
109
What is the remainder when 11535 is divided by 139?
137
Calculate the remainder when 222 is divided by 8.
6
Calculate the remainder when 1806 is divided by 113.
111
Calculate the remainder when 11 is divided by 4.
3
What is the remainder when 140 is divided by 47?
46
Calculate the remainder when 1072 is divided by 18.
10
What is the remainder when 20753 is divided by 17?
13
Calculate the remainder when 2036 is divided by 676.
8
What is the remainder when 166 is divided by 35?
26
What is the remainder when 5204 is divided by 41?
38
What is the remainder when 8606 is divided by 269?
267
What is the remainder when 953 is divided by 82?
51
What is the remainder when 6383 is divided by 114?
113
Calculate the remainder when 202 is divided by 74.
54
What is the remainder when 180 is divided by 63?
54
What is the remainder when 1312 is divided by 94?
90
Calculate the remainder when 127 is divided by 39.
10
What is the remainder when 98 is divided by 6?
2
What is the remainder when 3783 is divided by 3?
0
What is the remainder when 20978 is divided by 10?
8
What is the remainder when 104 is divided by 35?
34
Calculate the remainder when 900 is divided by 43.
40
Calculate the remainder when 408 is divided by 218.
190
What is the remainder when 135 is divided by 46?
43
Calculate the remainder when 246 is divided by 60.
6
Calculate the remainder when 434 is divided by 64.
50
Calculate the remainder when 3041 is divided by 61.
52
What is the remainder when 1957 is divided by 7?
4
What is the remainder when 55 is divided by 29?
26
What is the remainder when 617 is divided by 96?
41
What is the remainder when 2075 is divided by 682?
29
Calculate the remainder when 594 is divided by 101.
89
Calculate the remainder when 1503 is divided by 38.
21
What is the remainder when 122 is divided by 43?
36
What is the remainder when 169 is divided by 17?
16
What is the remainder when 226 is divided by 19?
17
What is the remainder when 271 is divided by 194?
77
Calculate the remainder when 572 is divided by 41.
39
What is the remainder when 5 is divided by 5?
0
What is the remainder when 1217 is divided by 43?
13
What is the remainder when 350 is divided by 11?
9
What is the remainder when 759 is divided by 207?
138
Calculate the remainder when 103 is divided by 8.
7
Calculate the remainder when 40 is divided by 10.
0
What is the remainder when 92 is divided by 23?
0
What is the remainder when 133 is divided by 57?
19
What is the remainder when 290 is divided by 49?
45
Calculate the remainder when 162 is divided by 162.
0
Calculate the remainder when 833 is divided by 20.
13
Calculate the remainder when 278 is divided by 112.
54
Calculate the remainder when 195 is divided by 28.
27
What is the remainder when 24 is divided by 9?
6
What is the remainder when 408 is divided by 37?
1
Calculate the remainder when 30776 is divided by 19.
15
Calculate the remainder when 5723 is divided by 1144.
3
What is the remainder when 544 is divided by 135?
4
Calculate the remainder when 502 is divided by 125.
2
Calculate the remainder when 814 is divided by 68.
66
Calculate the remainder when 47 is divided by 6.
5
What is the remainder when 23548 is divided by 25?
23
What is the remainder when 820 is divided by 118?
112
What is the remainder when 2806 is divided by 54?
52
Calculate the remainder when 91 is divided by 36.
19
Calculate the remainder when 1242 is divided by 89.
85
Calculate the remainder when 1215 is divided by 25.
15
Calculate the remainder when 44 is divided by 26.
18
What is the remainder when 119 is divided by 20?
19
What is the remainder when 258 is divided by 29?
26
Calculate the remainder when 190 is divided by 39.
34
Calculate the remainder when 370 is divided by 275.
95
What is the remainder when 44 is divided by 18?
8
Calculate the remainder when 421 is divided by 61.
55
What is the remainder when 147 is divided by 54?
39
What is the remainder when 48 is divided by 35?
13
Calculate the remainder when 168 is divided by 103.
65
Calculate the remainder when 34 is divided by 12.
10
Calculate the remainder when 909 is divided by 8.
5
What is the remainder when 623 is divided by 195?
38
Calculate the remainder when 187 is divided by 48.
43
Calculate the remainder when 688 is divided by 165.
28
Calculate the remainder when 820 is divided by 271.
7
Calculate the remainder when 14268 is divided by 24.
12
Calculate the remainder when 943 is divided by 53.
42
What is the remainder when 41 is divided by 32?
9
Calculate the remainder when 91 is divided by 5.
1
What is the remainder when 2155 is divided by 44?
43
Calculate the remainder when 3018 is divided by 232.
2
Calculate the remainder when 1884 is divided by 15.
9
What is the remainder when 4078 is divided by 34?
32
Calculate the remainder when 15641 is divided by 18.
17
What is the remainder when 249 is divided by 26?
15
Calculate the remainder when 37328 is divided by 18.
14
What is the remainder when 100 is divided by 52?
48
Calculate the remainder when 227 is divided by 42.
17
What is the remainder when 2427 is divided by 6?
3
What is the remainder when 223 is divided by 65?
28
Calculate the remainder when 144 is divided by 141.
3
What is the remainder when 122 is divided by 35?
17
Calculate the remainder when 3195 is divided by 398.
11
Calculate the remainder when 83 is divided by 42.
41
Calculate the remainder when 127 is divided by 37.
16
Calculate the remainder when 1219 is divided by 20.
19
Calculate the remainder when 3717 is divided by 1233.
18
Calculate the remainder when 99 is divided by 62.
37
Calculate the remainder when 559 is divided by 551.
8
What is the remainder when 78 is divided by 52?
26
Calculate the remainder when 178 is divided by 2.
0
What is the remainder when 782 is divided by 155?
7
Calculate the remainder when 383 is divided by 36.
23
What is the remainder when 1361 is divided by 124?
121
Calculate the remainder when 1420 is divided by 670.
80
Calculate the remainder when 160 is divided by 3.
1
What is the remainder when 1239 is divided by 40?
39
What is the remainder when 879 is divided by 13?
8
What is the remainder when 238 is divided by 75?
13
Calculate the remainder when 185 is divided by 93.
92
Calculate the remainder when 9935 is divided by 23.
22
What is the remainder when 67 is divided by 30?
7
Calculate the remainder when 364 is divided by 155.
54
Calculate the remainder when 212 is divided by 59.
35
Calculate the remainder when 7 is divided by 4.
3
What is the remainder when 310 is divided by 1?
0
What is the remainder when 1222 is divided by 68?
66
What is the remainder when 401 is divided by 70?
51
What is the remainder when 361 is divided by 23?
16
Calculate the remainder when 68 is divided by 12.
8
Calculate the remainder when 446 is divided by 9.
5
What is the remainder when 832 is divided by 262?
46
What is the remainder when 2992 is divided by 27?
22
What is the remainder when 38 is divided by 10?
8
Calculate the remainder when 93 is divided by 26.
15
Calculate the remainder when 37 is divided by 30.
7
What is the